{"id":10447,"date":"2022-10-08T22:08:24","date_gmt":"2022-10-08T20:08:24","guid":{"rendered":"https:\/\/www.vipresentoitalia.it\/?post_type=product&#038;p=10447"},"modified":"2023-04-15T17:04:09","modified_gmt":"2023-04-15T15:04:09","slug":"camicia-con-micro-disegno","status":"publish","type":"product","link":"https:\/\/www.vipresentoitalia.it\/en\/shop\/abbigliamento\/uomo\/camicie-uomo\/camicia-con-micro-disegno\/","title":{"rendered":"Camicia con micro disegno"},"content":{"rendered":"<p>Il <strong>tessuto interlock<\/strong> \u00e8 una maglia a costa incrociata molto soffice ed elastica, ottima per chi cerca un <strong>capo di abbigliamento comodo, traspirante e bistretch<\/strong>. Grazie alla sua versatilit\u00e0, le camicie e le t-shirt in tessuto interlock possono tranquillamente essere indossate in qualsiasi occasione, dalla pi\u00f9 elegante alla pi\u00f9 informale, come sottogiacca, come camicia da sera o per eventi pi\u00f9 o meno esclusivi.<\/p>\n<\/div>\n<div class=\"col-12 col-md-6 offset-md-4 mt-5\">\n<div>\n<ul class=\"fa-ul icon-list\">\n<li><i class=\"fas fa-ruler-combined fa-2x\"><\/i>\n<div class=\"pl-2\"><strong>BI-STRETCH<\/strong>: le camicie RE-DO IT sono estensibili sia in lunghezza che in larghezza per garantire comodit\u00e0 e libert\u00e0 in ogni movimento;<\/div>\n<\/li>\n<li class=\"revealOnScroll animated fadeInUp\" data-animation=\"fadeInUp\"><i class=\"fas fa-tint fa-2x\"><\/i>\n<div class=\"pl-2\"><strong>ASCIUGATURA RAPIDA<\/strong>: nel giro di un\u2019ora la camicia \u00e8 asciutta e pronta per essere utilizzata;<\/div>\n<\/li>\n<li class=\"revealOnScroll animated fadeInUp\" data-animation=\"fadeInUp\"><i class=\"fas fa-times fa-2x\"><\/i>\n<div class=\"pl-2\"><strong>NO STIRO<\/strong>: il particolare tessuto permette l\u2019utilizzo istantaneo dopo il lavaggio senza bisogno di essere stirato;<\/div>\n<\/li>\n<li class=\"revealOnScroll animated fadeInUp\" data-animation=\"fadeInUp\"><i class=\"fas fa-wind fa-2x\"><\/i>\n<div class=\"pl-2\"><strong>ANTI-ODORE<\/strong>: tessuto in grado di trattenere aria tra le fibre della maglia e garantire traspirabilit\u00e0 e isolamento termico;<\/div>\n<\/li>\n<li class=\"revealOnScroll animated fadeInUp\" data-animation=\"fadeInUp\"><i class=\"fas fa-recycle fa-2x\"><\/i>\n<div class=\"pl-2\"><strong>FIBRE RICICLATE<\/strong>: camicia realizzata con tessuto e filo per cuciture in materiale riciclato.<\/div>\n<\/li>\n<\/ul>\n<\/div>\n<\/div>\n<\/div>\n<\/div>\n<div class=\"basel-tab-wrapper\"><\/div>\n","protected":false},"excerpt":{"rendered":"<div class=\"woocommerce-product-details__short-description\">\n<p>Camicia azzurra stampata con micro disegno, in tessuto speciale <strong>interlock<\/strong>.<\/p>\n<p>Collo alla francese.<\/p>\n<p><strong>100% Made in Italy.<\/strong><\/p>\n<p>Consegna entro 3\/4 giorni lavorativi<\/p>\n<\/div>\n","protected":false},"featured_media":10337,"template":"","meta":[],"product_cat":[56,586,57],"product_tag":[],"yoast_head":"<!-- This site is optimized with the Yoast SEO plugin v21.8 - https:\/\/yoast.com\/wordpress\/plugins\/seo\/ -->\n<title>Camicia con micro disegno - Vi Presento Italia<\/title>\n<meta name=\"robots\" content=\"index, follow, max-snippet:-1, max-image-preview:large, max-video-preview:-1\" \/>\n<link rel=\"canonical\" href=\"https:\/\/www.vipresentoitalia.it\/en\/shop\/abbigliamento\/uomo\/camicie-uomo\/camicia-con-micro-disegno\/\" \/>\n<meta property=\"og:locale\" content=\"en_US\" \/>\n<meta property=\"og:type\" content=\"article\" \/>\n<meta property=\"og:title\" content=\"Camicia con micro disegno - Vi Presento Italia\" \/>\n<meta property=\"og:description\" content=\"Camicia azzurra stampata con micro disegno, in tessuto speciale interlock.  Collo alla francese.  100% Made in Italy.  Consegna entro 3\/4 giorni lavorativi\" \/>\n<meta property=\"og:url\" content=\"https:\/\/www.vipresentoitalia.it\/en\/shop\/abbigliamento\/uomo\/camicie-uomo\/camicia-con-micro-disegno\/\" \/>\n<meta property=\"og:site_name\" content=\"Vi Presento Italia\" \/>\n<meta property=\"article:modified_time\" content=\"2023-04-15T15:04:09+00:00\" \/>\n<meta property=\"og:image\" content=\"https:\/\/www.vipresentoitalia.it\/wp-content\/uploads\/2022\/10\/A0005-camicia-piegata.jpg\" \/>\n\t<meta property=\"og:image:width\" content=\"608\" \/>\n\t<meta property=\"og:image:height\" content=\"664\" \/>\n\t<meta property=\"og:image:type\" content=\"image\/jpeg\" \/>\n<meta name=\"twitter:card\" content=\"summary_large_image\" \/>\n<meta name=\"twitter:label1\" content=\"Est. reading time\" \/>\n\t<meta name=\"twitter:data1\" content=\"1 minute\" \/>\n<script type=\"application\/ld+json\" class=\"yoast-schema-graph\">{\"@context\":\"https:\/\/schema.org\",\"@graph\":[{\"@type\":\"WebPage\",\"@id\":\"https:\/\/www.vipresentoitalia.it\/en\/shop\/abbigliamento\/uomo\/camicie-uomo\/camicia-con-micro-disegno\/\",\"url\":\"https:\/\/www.vipresentoitalia.it\/en\/shop\/abbigliamento\/uomo\/camicie-uomo\/camicia-con-micro-disegno\/\",\"name\":\"Camicia con micro disegno - Vi Presento Italia\",\"isPartOf\":{\"@id\":\"https:\/\/www.vipresentoitalia.it\/en\/#website\"},\"datePublished\":\"2022-10-08T20:08:24+00:00\",\"dateModified\":\"2023-04-15T15:04:09+00:00\",\"breadcrumb\":{\"@id\":\"https:\/\/www.vipresentoitalia.it\/en\/shop\/abbigliamento\/uomo\/camicie-uomo\/camicia-con-micro-disegno\/#breadcrumb\"},\"inLanguage\":\"en-US\",\"potentialAction\":[{\"@type\":\"ReadAction\",\"target\":[\"https:\/\/www.vipresentoitalia.it\/en\/shop\/abbigliamento\/uomo\/camicie-uomo\/camicia-con-micro-disegno\/\"]}]},{\"@type\":\"BreadcrumbList\",\"@id\":\"https:\/\/www.vipresentoitalia.it\/en\/shop\/abbigliamento\/uomo\/camicie-uomo\/camicia-con-micro-disegno\/#breadcrumb\",\"itemListElement\":[{\"@type\":\"ListItem\",\"position\":1,\"name\":\"Home\",\"item\":\"https:\/\/www.vipresentoitalia.it\/en\/\"},{\"@type\":\"ListItem\",\"position\":2,\"name\":\"Shop\",\"item\":\"https:\/\/www.vipresentoitalia.it\/en\/shop\/\"},{\"@type\":\"ListItem\",\"position\":3,\"name\":\"Camicia con micro disegno\"}]},{\"@type\":\"WebSite\",\"@id\":\"https:\/\/www.vipresentoitalia.it\/en\/#website\",\"url\":\"https:\/\/www.vipresentoitalia.it\/en\/\",\"name\":\"Vi Presento Italia\",\"description\":\"\",\"publisher\":{\"@id\":\"https:\/\/www.vipresentoitalia.it\/en\/#organization\"},\"potentialAction\":[{\"@type\":\"SearchAction\",\"target\":{\"@type\":\"EntryPoint\",\"urlTemplate\":\"https:\/\/www.vipresentoitalia.it\/en\/?s={search_term_string}\"},\"query-input\":\"required name=search_term_string\"}],\"inLanguage\":\"en-US\"},{\"@type\":\"Organization\",\"@id\":\"https:\/\/www.vipresentoitalia.it\/en\/#organization\",\"name\":\"Vi Presento Italia\",\"url\":\"https:\/\/www.vipresentoitalia.it\/en\/\",\"logo\":{\"@type\":\"ImageObject\",\"inLanguage\":\"en-US\",\"@id\":\"https:\/\/www.vipresentoitalia.it\/en\/#\/schema\/logo\/image\/\",\"url\":\"https:\/\/www.vipresentoitalia.it\/wp-content\/uploads\/2021\/04\/favicon.png\",\"contentUrl\":\"https:\/\/www.vipresentoitalia.it\/wp-content\/uploads\/2021\/04\/favicon.png\",\"width\":512,\"height\":512,\"caption\":\"Vi Presento Italia\"},\"image\":{\"@id\":\"https:\/\/www.vipresentoitalia.it\/en\/#\/schema\/logo\/image\/\"}}]}<\/script>\n<!-- \/ Yoast SEO plugin. -->","yoast_head_json":{"title":"Camicia con micro disegno - Vi Presento Italia","robots":{"index":"index","follow":"follow","max-snippet":"max-snippet:-1","max-image-preview":"max-image-preview:large","max-video-preview":"max-video-preview:-1"},"canonical":"https:\/\/www.vipresentoitalia.it\/en\/shop\/abbigliamento\/uomo\/camicie-uomo\/camicia-con-micro-disegno\/","og_locale":"en_US","og_type":"article","og_title":"Camicia con micro disegno - Vi Presento Italia","og_description":"Camicia azzurra stampata con micro disegno, in tessuto speciale interlock.  Collo alla francese.  100% Made in Italy.  Consegna entro 3\/4 giorni lavorativi","og_url":"https:\/\/www.vipresentoitalia.it\/en\/shop\/abbigliamento\/uomo\/camicie-uomo\/camicia-con-micro-disegno\/","og_site_name":"Vi Presento Italia","article_modified_time":"2023-04-15T15:04:09+00:00","og_image":[{"width":608,"height":664,"url":"https:\/\/www.vipresentoitalia.it\/wp-content\/uploads\/2022\/10\/A0005-camicia-piegata.jpg","type":"image\/jpeg"}],"twitter_card":"summary_large_image","twitter_misc":{"Est. reading time":"1 minute"},"schema":{"@context":"https:\/\/schema.org","@graph":[{"@type":"WebPage","@id":"https:\/\/www.vipresentoitalia.it\/en\/shop\/abbigliamento\/uomo\/camicie-uomo\/camicia-con-micro-disegno\/","url":"https:\/\/www.vipresentoitalia.it\/en\/shop\/abbigliamento\/uomo\/camicie-uomo\/camicia-con-micro-disegno\/","name":"Camicia con micro disegno - Vi Presento Italia","isPartOf":{"@id":"https:\/\/www.vipresentoitalia.it\/en\/#website"},"datePublished":"2022-10-08T20:08:24+00:00","dateModified":"2023-04-15T15:04:09+00:00","breadcrumb":{"@id":"https:\/\/www.vipresentoitalia.it\/en\/shop\/abbigliamento\/uomo\/camicie-uomo\/camicia-con-micro-disegno\/#breadcrumb"},"inLanguage":"en-US","potentialAction":[{"@type":"ReadAction","target":["https:\/\/www.vipresentoitalia.it\/en\/shop\/abbigliamento\/uomo\/camicie-uomo\/camicia-con-micro-disegno\/"]}]},{"@type":"BreadcrumbList","@id":"https:\/\/www.vipresentoitalia.it\/en\/shop\/abbigliamento\/uomo\/camicie-uomo\/camicia-con-micro-disegno\/#breadcrumb","itemListElement":[{"@type":"ListItem","position":1,"name":"Home","item":"https:\/\/www.vipresentoitalia.it\/en\/"},{"@type":"ListItem","position":2,"name":"Shop","item":"https:\/\/www.vipresentoitalia.it\/en\/shop\/"},{"@type":"ListItem","position":3,"name":"Camicia con micro disegno"}]},{"@type":"WebSite","@id":"https:\/\/www.vipresentoitalia.it\/en\/#website","url":"https:\/\/www.vipresentoitalia.it\/en\/","name":"Vi Presento Italia","description":"","publisher":{"@id":"https:\/\/www.vipresentoitalia.it\/en\/#organization"},"potentialAction":[{"@type":"SearchAction","target":{"@type":"EntryPoint","urlTemplate":"https:\/\/www.vipresentoitalia.it\/en\/?s={search_term_string}"},"query-input":"required name=search_term_string"}],"inLanguage":"en-US"},{"@type":"Organization","@id":"https:\/\/www.vipresentoitalia.it\/en\/#organization","name":"Vi Presento Italia","url":"https:\/\/www.vipresentoitalia.it\/en\/","logo":{"@type":"ImageObject","inLanguage":"en-US","@id":"https:\/\/www.vipresentoitalia.it\/en\/#\/schema\/logo\/image\/","url":"https:\/\/www.vipresentoitalia.it\/wp-content\/uploads\/2021\/04\/favicon.png","contentUrl":"https:\/\/www.vipresentoitalia.it\/wp-content\/uploads\/2021\/04\/favicon.png","width":512,"height":512,"caption":"Vi Presento Italia"},"image":{"@id":"https:\/\/www.vipresentoitalia.it\/en\/#\/schema\/logo\/image\/"}}]}},"_links":{"self":[{"href":"https:\/\/www.vipresentoitalia.it\/en\/wp-json\/wp\/v2\/product\/10447"}],"collection":[{"href":"https:\/\/www.vipresentoitalia.it\/en\/wp-json\/wp\/v2\/product"}],"about":[{"href":"https:\/\/www.vipresentoitalia.it\/en\/wp-json\/wp\/v2\/types\/product"}],"wp:featuredmedia":[{"embeddable":true,"href":"https:\/\/www.vipresentoitalia.it\/en\/wp-json\/wp\/v2\/media\/10337"}],"wp:attachment":[{"href":"https:\/\/www.vipresentoitalia.it\/en\/wp-json\/wp\/v2\/media?parent=10447"}],"wp:term":[{"taxonomy":"product_cat","embeddable":true,"href":"https:\/\/www.vipresentoitalia.it\/en\/wp-json\/wp\/v2\/product_cat?post=10447"},{"taxonomy":"product_tag","embeddable":true,"href":"https:\/\/www.vipresentoitalia.it\/en\/wp-json\/wp\/v2\/product_tag?post=10447"}],"curies":[{"name":"wp","href":"https:\/\/api.w.org\/{rel}","templated":true}]}}

<p>Il <strong>tessuto interlock</strong> è una maglia a costa incrociata molto soffice ed elastica, ottima per chi cerca un <strong>capo di abbigliamento comodo, traspirante e bistretch</strong>. Grazie alla sua versatilità, le camicie e le t-shirt in tessuto interlock possono tranquillamente essere indossate in qualsiasi occasione, dalla più elegante alla più informale, come sottogiacca, come camicia da sera o per eventi più o meno esclusivi.</p>
</div>
<div class="col-12 col-md-6 offset-md-4 mt-5">
<div>
<ul class="fa-ul icon-list">
<li><i class="fas fa-ruler-combined fa-2x"></i>
<div class="pl-2"><strong>BI-STRETCH</strong>: le camicie RE-DO IT sono estensibili sia in lunghezza che in larghezza per garantire comodità e libertà in ogni movimento;</div>
</li>
<li class="revealOnScroll animated fadeInUp" data-animation="fadeInUp"><i class="fas fa-tint fa-2x"></i>
<div class="pl-2"><strong>ASCIUGATURA RAPIDA</strong>: nel giro di un’ora la camicia è asciutta e pronta per essere utilizzata;</div>
</li>
<li class="revealOnScroll animated fadeInUp" data-animation="fadeInUp"><i class="fas fa-times fa-2x"></i>
<div class="pl-2"><strong>NO STIRO</strong>: il particolare tessuto permette l’utilizzo istantaneo dopo il lavaggio senza bisogno di essere stirato;</div>
</li>
<li class="revealOnScroll animated fadeInUp" data-animation="fadeInUp"><i class="fas fa-wind fa-2x"></i>
<div class="pl-2"><strong>ANTI-ODORE</strong>: tessuto in grado di trattenere aria tra le fibre della maglia e garantire traspirabilità e isolamento termico;</div>
</li>
<li class="revealOnScroll animated fadeInUp" data-animation="fadeInUp"><i class="fas fa-recycle fa-2x"></i>
<div class="pl-2"><strong>FIBRE RICICLATE</strong>: camicia realizzata con tessuto e filo per cuciture in materiale riciclato.</div>
</li>
</ul>
</div>
</div>
</div>
</div>
<div class="basel-tab-wrapper"></div>
